or of g and 24.
24
Suppose 2*w + 8 - 2 = 0. Let m be ((-10)/(-15))/(w/(-45)). Suppose 2*c - 85 = -5*d, -55 = -5*d - 0*c + 4*c. Calculate the highest common factor of d and m.
5
Let q(k) = 5*k**2 - k + 1. Let j be q(2). Suppose j*a = 17*a + 176. Calculate the highest common divisor of 11 and a.
11
Let q(k) = -k**2 + 17*k + 1. Let u be q(13). Let o = u + -29. Calculate the highest common divisor of 216 and o.
24
Suppose -227 = -5*f + 38. Let k = 105 - f. What is the greatest common factor of 4 and k?
4
Let n = 808 + -698. Calculate the greatest common divisor of n and 88.
22
Let m = 20 - 2. Let x(c) = 29*c + 26. Let h(v) = -10*v - 9. Let g(z) = -8*h(z) - 3*x(z). Let y be g(-6). What is the highest common factor of y and m?
18
Suppose 7*l = 318 + 18. Let b = 128 - l. Calculate the highest common divisor of 16 and b.
16
Let l(y) = -7*y - 1. Let j be l(-1). Let g = j + -4. What is the highest common divisor of 10 and g?
2
Let u be (-152)/(-36) - 4/18. Suppose 0 = -u*b - 0*b - 16, -2*x + 40 = 4*b. Let z(q) = 3*q + 2. Let j be z(4). Calculate the greatest common divisor of j and x.
14
Suppose -5*r + 2*r = 0. Suppose r = 4*j - 22 - 30. Calculate the greatest common factor of 91 and j.
13
Let w(c) = c**2 + 21*c + 4. Let u be w(-21). Calculate the greatest common divisor of u and 1.
1
Let a = 1041 + -1011. What is the highest common divisor of 80 and a?
10
Let j be (2 + -2)*4/8. Suppose j = -4*x - 38 + 158. What is the greatest common divisor of 30 and x?
30
Let u be 2/((-4)/(-8)*-1). Let j be (0 - (-2)/u)*-6. Suppose 0 = 3*l - j*d, -4*l - 5*d + 3*d = -18. Calculate the greatest common divisor of 9 and l.
3
Let h(p) = p**3 + 10*p**2 + 8*p - 7. Let s be h(-9). Suppose 4 = -4*k + 6*k. Let b be (-90)/(k*(-1)/s). What is the highest common divisor of b and 18?
18
Suppose 2*g - 4 = -2*g, -3*j + 967 = -5*g. Calculate the highest common factor of j and 24.
12
Let h(f) = -35*f - 76. Let k be h(-14). Calculate the highest common factor of k and 46.
46
Let v(f) be the first derivative of f**4/4 - 2*f**3 + f**2/2 + 6. Let x be v(6). Let u be (-8)/20*5*-33. Calculate the highest common factor of u and x.
6
Suppose 748 = 3*l - 2*s, 4*l = -3*s + 611 + 392. What is the highest common divisor of 20 and l?
10
Let z be (0/(-1))/(1*2). Suppose 0 = -5*m + 13*m - 56. Suppose -12*f + m*f + 1125 = z. Calculate the greatest common factor of 25 and f.
25
Let u = -205 + 657. What is the greatest common factor of u and 4?
4
Let o be (-4)/3*(-66)/4. Let c(j) = -8*j**3 + 5*j - 6. Let u be c(-3). Let a = u + 3. What is the greatest common factor of a and o?
22
Suppose -105*b - 8 = -109*b. Suppose -s = -r + 12, -2*s - 32 = -3*r + b*s. Calculate the highest common factor of 176 and r.
16
Suppose -3 = i + 2, 0 = z + 2*i - 18. What is the highest common divisor of 1190 and z?
14
Suppose 0 = d + 163 - 174. What is the greatest common divisor of 341 and d?
11
Let w(f) = -15*f. Let o be w(-2). Let c(z) = 2*z**3 - 19*z**2 - 4*z - 49. Let x be c(11). Calculate the greatest common factor of o and x.
30
Suppose 2*r + 331 = r + 3*i, -671 = 2*r + 3*i. Let n be (-54)/72 - r/8. What is the highest common divisor of n and 205?
41
Let d(n) = 7*n - 4. Let w = 4 - 14. Let r be (84/(-70))/(3/w). Let f be d(r). What is the greatest common factor of 8 and f?
8
Let h = 54 + 28. Calculate the highest common divisor of 902 and h.
82
Let t(j) = j**3 - 12*j**2 + j - 4. Let n be t(12). Suppose -n*x = -4*x - 308. Suppose -11 = 6*k - x. Calculate the greatest common divisor of k and 121.
11
Let g = -109 - -245. Let n(u) = -u**3 - 6*u**2 - 4*u - 7. Let j be n(-6). What is the highest common divisor of g and j?
17
Let z(h) = h**3 - 9*h**2 + 9*h + 6. Let s be z(8). Let a = s + -11. Suppose 5*y = a*y + 28. Calculate the highest common divisor of y and 70.
14
Let k(b) = 2*b + 21. Let r be k(-9). Let f be (25/r)/(-3*(-2)/72). Calculate the greatest common divisor of 40 and f.
20
Let p be 6/(-15) + 36/(-10). Let l be (-428)/28 - p/14. Let m = -9 - l. Calculate the greatest common divisor of 6 and m.
6
Suppose 44*r - 42*r = n + 45, -r = -n - 20. Let w(q) = q**2 - 2*q + 2. Let c be w(4). Calculate the highest common factor of c and r.
5
Let c = -18 + 21. Suppose 4*d = -c*h + 31, -h - 1 = -d - 2. Suppose 5*n - 171 = i, 9*n - 4*n + h*i = 195. Calculate the greatest common divisor of 7 and n.
7
Suppose 17*j + 11*j = 504. What is the greatest common divisor of j and 18?
18
Suppose 5*p = -3*s + 140 + 157, 2*p = -5*s + 514. What is the highest common factor of s and 676?
52
Let h(y) be the third derivative of -13*y**4/24 + y**3/6 + 18*y**2. Let u be h(-13). What is the highest common factor of 68 and u?
34
Let y = -60 + 90. What is the highest common factor of 12 and y?
6
Let q be -6*(40/(-32))/((-2)/(-20)). Let g = 90 - q. What is the greatest common divisor of g and 135?
15
Let h = 96 + -95. Let d = h + 9. Calculate the highest common factor of d and 6.
2
Let u be (15/(-2))/(15/(-270)). What is the highest common factor of 54 and u?
27
Let a be (-3212)/(-16) + 3/12. What is the highest common divisor of a and 9?
3
Let x be (-87)/203 + 45/7. What is the highest common factor of x and 318?
6
Suppose 3*x + p - 219 = 0, -5*x = -0*x + 4*p - 365. What is the greatest common divisor of x and 949?
73
Suppose 2*s - 155 = -3*s - 3*b, 5*b = 3*s - 59. Suppose -k + 94 = 2*d, -s = -3*d + k + 108. Calculate the greatest common factor of d and 23.
23
Let y(d) = -8*d**3 - 2*d**2 + 2*d + 3. Let h be (13 - 15)/(1 - 0). Let f be y(h). Calculate the highest common factor of 11 and f.
11
Suppose k - 4 = -k. Let o = 45 + -51. Let z = o - -24. Calculate the highest common divisor of z and k.
2
Suppose 5*h - 5 = 5*x + 90, 5*h = 3*x + 97. Let c be (9 - 10)/(-2*2/h). What is the highest common factor of c and 1?
1
Let b = -237 + 489. Let u = 19 - -17. Calculate the greatest common divisor of u and b.
36
Let i(a) = a**3 + 19*a**2 - 24*a + 40. Let w be i(-20). What is the greatest common factor of w and 370?
10
Suppose o - 3*q = 53, -18*q + 19*q = -5*o + 185. Calculate the greatest common divisor of 2 and o.
2
Let k(s) = -3*s - 29. Let v be k(-33). Calculate the greatest common factor of 14 and v.
14
Let b(u) = -3*u + 278. Let l be b(26). What is the highest common factor of 450 and l?
50
Let g(u) = u**2 + 22*u + 133. Let z be g(-15). What is the greatest common divisor of z and 98?
14
Let b = 26 + -22. Suppose 4*v + b = -4*p, v + p - 6*p = 17. Suppose v*j = 2*n - 2*j - 42, 2*n = 5*j + 45. What is the highest common factor of n and 30?
15
Suppose -5*k = -4*k - 246. Suppose 0*d + 3*d - 3*m - k = 0, -2*d = 3*m - 154. What is the greatest common factor of d and 10?
10
Suppose 39 = 5*y - 2*t + 11, 3*y = -2*t + 20. Suppose -3*v = -0 + y. Let u be (-1)/((4 + v)/(-10)). Calculate the highest common divisor of u and 40.
5
Let t = -835 + 842. Calculate the greatest common factor of t and 539.
7
Let r(k) = 2*k - 2*k**2 - 5*k**3 - 3 + 8*k**3 + 0*k. Let f be r(2). Suppose -3*x + 13 = -38. Calculate the greatest common divisor of x and f.
17
Let s(a) be the first derivative of a**4/4 - 2*a**3 + a**2 + 3*a + 2. Let t be s(7). What is the greatest common divisor of t and 6?
6
Let n = 78 - 65. Suppose -2*j - 3*t = -16 - 25, 5*t = 25. What is the greatest common factor of n and j?
13
Suppose -5*i + 20*i = 990. What is the greatest common factor of 363 and i?
33
Let p(b) = 6*b**2 + 13*b. Let k be p(-4). Calculate the highest common divisor of k and 836.
44
Let d(k) = 6*k**3 + 4*k**2 + 2*k + 2. Let n be d(-3). Let q = -88 - n. What is the highest common divisor of 7 and q?
7
Let i be 3/(-3)*2 - 2. Let k = i - -6. Let s be 4 - 1 - (-22)/(-22). Calculate the greatest common divisor of k and s.
2
Suppose -3*k + 43 + 11 = -3*t, 55 = -5*t - 2*k. Let y = 17 + t. Suppose -o - b = 6 - 14, 41 = 5*o + y*b. What is the highest common divisor of o and 45?
9
Let l = -60 - -69. Suppose -r - 3*u = -18 - l, 4*u - 124 = -5*r. Calculate the highest common divisor of r and 48.
24
Let z(q) = -12*q + 10. Let v be z(-9). Suppose -104 = -4*t + 4*k, -k = -5*t - 2*k + v. Calculate the highest common divisor of t and 120.
24
Let r be 75 - (-7 + 2 - -3). Let z be (-3)/(-5) - 32/30*-6. Calculate the greatest common divisor of z and r.
7
Let f be ((-12)/15)/((-1)/5). Suppose -z + 4*b + f = 0, -4